s 1a7 + -11a51?
-11888
In base 7, what is -103 - -5162342?
5162236
In base 6, what is 1200505103 - 21?
1200505042
In base 9, what is -82406 + 540?
-81756
In base 12, what is -1a5aa2 + 595?
-1a5509
In base 2, what is 1000001000011100 - 10110011110?
111110001111110
In base 11, what is 5a40597 + 31?
5a40618
In base 5, what is -1231004424 - 2?
-1231004431
In base 8, what is 1166304 + -75?
1166207
In base 6, what is -23033421342 + 0?
-23033421342
In base 4, what is 11 + 3300230202312?
3300230202323
In base 15, what is -4189b39 + -2?
-4189b3b
In base 12, what is 2375a6000 - -3?
2375a6003
In base 12, what is -1843 - 13672?
-152b5
In base 6, what is -1410322 + 45301?
-1321021
In base 12, what is 195277 - -83?
19533a
In base 14, what is -223 - -a366?
a143
In base 7, what is -3 - 2340161004?
-2340161010
In base 9, what is -148048 - -144?
-147804
In base 9, what is -184 - 1504052?
-1504246
In base 15, what is -2622 - -15a?
-24b7
In base 13, what is 4 - -2ac1a7?
2ac1ab
In base 16, what is -8 + 18bcfb?
18bcf3
In base 2, what is 100001110011 + 10011011111?
110101010010
In base 5, what is -4023241311 + -1142?
-4023243003
In base 12, what is 108 - -56885?
56991
In base 7, what is 13111 - 15461?
-2350
In base 5, what is -42032 + -21244443?
-21342030
In base 15, what is 3 - -29d683?
29d686
In base 10, what is -1534845 - 0?
-1534845
In base 9, what is 1567668 - 1845?
1565723
In base 10, what is 1329 - -7123?
8452
In base 9, what is 83881 + -55?
83825
In base 3, what is -20202011100110 + 2021?
-20202011021012
In base 6, what is -120121 + 114320?
-1401
In base 8, what is 4506 - 5221?
-513
In base 2, what is 100000000 - -1000101001101101110?
1000101010001101110
In base 6, what is 3 + -2545535135?
-2545535132
In base 14, what is -386 + 1a599?
1a213
In base 9, what is -13852 - -5602?
-7250
In base 13, what is 2 + a379994?
a379996
In base 9, what is 8364305 + 60?
8364365
In base 3, what is -102120 + -222002201010?
-222010010200
In base 11, what is 2 + 113860a2?
113860a4
In base 12, what is 172 + 6b181?
6b333
In base 5, what is -30200 - -43210?
13010
In base 7, what is -3 - -1110345230?
1110345224
In base 8, what is -4 + 5304723?
5304717
In base 16, what is -8 - -ab7d77?
ab7d6f
In base 7, what is -4 + -33411335?
-33411342
In base 3, what is 20 - -1201222101202?
1201222101222
In base 11, what is -83519 + -33?
-83551
In base 11, what is 484a8 - 197?
48311
In base 7, what is 24 + -10351144?
-10351120
In base 8, what is 14037442 + 31?
14037473
In base 2, what is 0 - 10111001011111001001001110?
-10111001011111001001001110
In base 15, what is 9 + b8598?
b85a2
In base 14, what is 22 + 5764853?
5764875
In base 14, what is 1 + 698533?
698534
In base 9, what is -351684 + -78?
-351773
In base 3, what is 122102210000211211 - 1?
122102210000211210
In base 11, what is -1 - 851238?
-851239
In base 8, what is -15 - -3144025?
3144010
In base 3, what is -122011 - 112012?
-1011100
In base 7, what is -1420 - 1515361?
-1520111
In base 2, what is -1 + 101001001101101010010000101?
101001001101101010010000100
In base 13, what is 660317b + 5?
6603183
In base 14, what is -11171 + -27b?
-1140c
In base 7, what is -11 - -365241504?
365241463
In base 12, what is 33652 + 339?
3398b
In base 11, what is 2 - 1557579?
-1557577
In base 10, what is 135654 - -206?
135860
In base 15, what is 3da67 - 6?
3da61
In base 9, what is 14367 + -855?
13412
In base 13, what is -2713694 - 1a?
-27136b1
In base 9, what is 13054 - 3163?
8781
In base 11, what is -159 + -19740?
-19899
In base 8, what is 53645303 - -13?
53645316
In base 13, what is 456857 + 17?
456871
In base 6, what is 212202 - 2522?
205240
In base 6, what is -13 - 10315205?
-10315222
In base 5, what is -3 + -104010200140?
-104010200143
In base 4, what is -211022013330 - 32?
-211022020022
In base 11, what is 15a7a64 + -1a9?
15a7866
In base 9, what is -4 + 85437164?
85437160
In base 13, what is -1bb874 - -8bb?
-1bac86
In base 14, what is -1a + -2925d?
-29279
In base 4, what is -102231303332030 - 11?
-102231303332101
In base 12, what is 44a14b - -3?
44a152
In base 5, what is -10233 - 13320042?
-13330330
In base 5, what is 12224330300 - -102?
12224330402
In base 8, what is 6202 + 417114?
425316
In base 6, what is -1012 - -404145?
403133
In base 6, what is -223354112 + -3?
-223354115
In base 5, what is -120243401433 + 1?
-120243401432
In base 9, what is 71168 - 412?
70656
In base 14, what is 1a + caa73?
caa8d
In base 12, what is -45256 + -106?
-45360
In base 5, what is 10 + 10312103?
10312113
In base 12, what is 9906517a - -2?
99065180
In base 3, what is 12100001001 + 101121020?
12201122021
In base 5, what is -420222402 + 11102?
-420211300
In base 8, what is 47575 + -7564?
40011
In base 4, what is 3000 - -12110120?
12113120
In base 2, what is -1000001111010010 - -101000010?
-1000001010010000
In base 3, what is -12100011 + 121111?
-11201200
In base 10, what is 339 + 229986?
230325
In base 11, what is 274a9 + 1533?
28a31
In base 8, what is 550235 - 1002?
547233
In base 9, what is 5435311 + 4?
5435315
In base 13, what is 56661 - -1c?
56680
In base 7, what is 2 + -6350505?
-6350503
In base 2, what is -11 + 10000110000111111010001011?
10000110000111111010001000
In base 14, what is 19dd3 - 161?
19c72
In base 7, what is -43055316 + -1?
-43055320
In base 6, what is -214104 + 154055?
-20005
In base 13, what is 4b349 + -35b?
4acbb
In base 15, what is -9d85 + 22a?
-9b5a
In base 16, what is 2 + 230c70?
230c72
In base 13, what is 4 + 158277?
15827b
In base 6, what is -2000214 - 22443?
-2023101
In base 12, what is 5 - -6456bb02?
6456bb07
In base 11, what is 3a957 + -246?
3a711
In base 4, what is -130121110 - 310?
-130122020
In base 5, what is -124 - -113131232?
113131103
In base 12, what is -8830 + 1987?
-6a65
In base 12, what is -55 + 6b8681a?
6b86785
In base 12, what is 31679bb + 3?
3167a02
In base 14, what is 133 - 37456?
-37323
In base 4, what is -1100313133210 + 1?
-1100313133203
In base 14, what is d05341 - -17?
d05358
In base 7, what is 20166 + -32441?
-12242
In base 9, what is 3 + 10411235?
10411238
In base 6, what is 25553 + -3133424?
-3103431
In base 11, what is -189 + -2940a?
-29598
In base 3, what is 1 - -100120111002?
100120111010
In base 13, what is -1a9a + -8695?
-a462
In base 5, what is -3234233444 - 10?
-3234234004
In base 15, what is 8 + 440156?
44015e
In base 12, what is -2b92a7 + 0?
-2b92a7
In base 14, what is b0c280 - 8?
b0c276
In base 10, what is -1 + 78159221?
78159220
In base 13, what is -2124aa - -14?
-212496
In base 12, what is 62b09841 - 5?
62b09838
In base 13, what is 206692 + 2c?
2066c1
In base 5, what is -4 - -323243041?
323243032
In base 13, what is -581 - 2884c?
-29100
In base 13, what is 4 + -25c114?
-25c110
In base 14, what is 2 - -7611bb?
7611bd
In base 9, what is 33708 + -3735?
28863
In base 5, what is 12004232 - -2?
12004234
In base 7, what is -46 + 5423561?
5423512
In base 7, what is 2 - 11310463?
-11310461
In base 2, what is -110101100011010 - 1010010100?
-110110110101110
In base 9, what is -1342 + -27868?
-30321
In base 6, what is 2 + -1002110001?
-1002105555
In base 12, what is 1018aa117 - -2?
1018aa119
In base 2, what is 101011 - -100010000111100110?
100010001000010001
In base 13, what is -2ca9a + -11?
-2caab
In base 4, what is -320 - 103212030?
-103213010
In base 12, what is -28650663 + -1?
-28650664
In base 14, what is -6 + -48b818?
-48b820
In base 2, what is 11110010110001111 - -111?
11110010110010110
In base 2, what is 10100111101111010101100011 - -1?
10100111101111010101100100
In base 2, what is 101010010101000100010000110 + -100?
101010010101000100010000010
In base 15, what is 19879 + 6ae?
1a038
In base 3, what is 100020211201 + 120?
100020212021
In base 11, what is -10 - 305307?
-305317
In base 4, what is 11122311011 - -13?
11122311030
In base 7, what is 432112 - -15422?
450534
In base 11, what is 2 - 11aa988?
-11aa986
In base 9, what is 12 - 78224486?
-78224474
In base 4, what is -112222031 - 32002?
-112320033
In base 7, what is 65604 + 21464?
120401
In base 16, what is 296faa0 + -5?
296fa9b
In base 6, what is 154033 + 1055?
155132
In base 10, what is 108 - -407259?
407367
In base 7, what is -56035 + -55551?
-144616
In base 6, what is -105433 + -512322?
-1022155
In base 10, what is -439015375 - 0?
-439015375
In base 11, 